{"id":2,"date":"2014-11-23T19:21:30","date_gmt":"2014-11-23T19:21:30","guid":{"rendered":"http:\/\/taranco.eu\/hoy-por-hoy\/?page_id=2"},"modified":"2025-01-14T18:23:23","modified_gmt":"2025-01-14T17:23:23","slug":"sample-page","status":"publish","type":"page","link":"http:\/\/taranco.eu\/hoy-por-hoy\/sample-page\/","title":{"rendered":"Sobre m\u00ed"},"content":{"rendered":"<p>Soriano de nacimiento (en la regi\u00f3n de los ar\u00e9vacos, a pocos kil\u00f3metros de Termancia, o Tiermes) he vivido mi ni\u00f1ez en Valladolid y mi juventud en Valencia y Barcelona.<\/p>\n<p>Desde 1965 hasta 2011 he vivido fuera de Espa\u00f1a, trabajado en la Biblioteca Nacional Sueca durante 9 a\u00f1os (1966-1974) y luego 34 a\u00f1os (1974-2008) como profesor de bibliotecolog\u00eda en la hasta reci\u00e9ntemente \u00fanica escuela de bibliotecolog\u00eda sueca, en Bor\u00e5s. Desde 1972 he trabajado para los inmigrantes en Suecia, siendo entre otras cosas director del <a href=\"https:\/\/immigrant.org\/encyklopedi\/Immigrant-institutet\/\">Instituto del Inmigrante<\/a>, fundado por m\u00ed, y presidente o secretario de otras organizaciones de inmigrantes, como la asociaci\u00f3n de autores inmigrantes.<\/p>\n<p>M\u00e1s informaci\u00f3n sobre mi trabajo profesional puedes encontrar en mi dominio <a href=\"https:\/\/taranco.eu\/\">Taranco.eu<\/a><\/p>\n<p>Ha sido una experiencia interesante, que ahora quiero aprovechar para en la medida de mis capacidades comentar sobre la vida diaria del hoy por hoy en Espa\u00f1a.\u00a0 Son reflexiones filos\u00f3ficas para uso casero sin m\u00e1s pretensi\u00f3n que hacer pensar en lo que nos parece cotidiano y estamos acostumbrados, pero que para uno que ha vivido fuera de Espa\u00f1a durante 46 a\u00f1os lo ve de otra manera. Espero que sirva de algo.<\/p>\n<p>A mi vuelta a Espa\u00f1a y a mis tierras de Caracena y Tarancue\u00f1a he visto el avance y tambi\u00e9n el deterioro en algunos aspectos. Recientemente se lanz\u00f3 una petici\u00f3n de firmas para salvar al castillo de Caracena, petici\u00f3n a la que yo me asumo y espero que muchos conmigo tambi\u00e9n lo hagan, para que pueda salvarse del desgaste del tiempo (y del salvajismo de algunos).<\/p>\n<p>Miguel Benito<\/p>\n<p>Contacto: miguel.benito@taranco.eu.\u00a0\u00a0\u00a0\u00a0\u00a0\u00a0\u00a0\u00a0\u00a0\u00a0\u00a0\u00a0\u00a0\u00a0\u00a0\u00a0\u00a0\u00a0\u00a0\u00a0\u00a0\u00a0\u00a0\u00a0\u00a0\u00a0\u00a0\u00a0\u00a0\u00a0\u00a0\u00a0 P\u00e1gina web: www.taranco.eu<\/p>\n\n\n<p><\/p>\n","protected":false},"excerpt":{"rendered":"<p>Soriano de nacimiento (en la regi\u00f3n de los ar\u00e9vacos, a pocos kil\u00f3metros de Termancia, o Tiermes) he vivido mi ni\u00f1ez en Valladolid y mi juventud en Valencia y Barcelona. Desde 1965 hasta 2011 he vivido fuera de Espa\u00f1a, trabajado en la Biblioteca Nacional Sueca durante 9 a\u00f1os (1966-1974) y luego 34 a\u00f1os (1974-2008) como profesor [&hellip;]<\/p>\n","protected":false},"author":1,"featured_media":0,"parent":0,"menu_order":0,"comment_status":"open","ping_status":"open","template":"","meta":[],"_links":{"self":[{"href":"http:\/\/taranco.eu\/hoy-por-hoy\/wp-json\/wp\/v2\/pages\/2"}],"collection":[{"href":"http:\/\/taranco.eu\/hoy-por-hoy\/wp-json\/wp\/v2\/pages"}],"about":[{"href":"http:\/\/taranco.eu\/hoy-por-hoy\/wp-json\/wp\/v2\/types\/page"}],"author":[{"embeddable":true,"href":"http:\/\/taranco.eu\/hoy-por-hoy\/wp-json\/wp\/v2\/users\/1"}],"replies":[{"embeddable":true,"href":"http:\/\/taranco.eu\/hoy-por-hoy\/wp-json\/wp\/v2\/comments?post=2"}],"version-history":[{"count":11,"href":"http:\/\/taranco.eu\/hoy-por-hoy\/wp-json\/wp\/v2\/pages\/2\/revisions"}],"predecessor-version":[{"id":346,"href":"http:\/\/taranco.eu\/hoy-por-hoy\/wp-json\/wp\/v2\/pages\/2\/revisions\/346"}],"wp:attachment":[{"href":"http:\/\/taranco.eu\/hoy-por-hoy\/wp-json\/wp\/v2\/media?parent=2"}],"curies":[{"name":"wp","href":"https:\/\/api.w.org\/{rel}","templated":true}]}}

Sobre mí

<p>Soriano de nacimiento (en la región de los arévacos, a pocos kilómetros de Termancia, o Tiermes) he vivido mi niñez en Valladolid y mi juventud en Valencia y Barcelona.</p>
<p>Desde 1965 hasta 2011 he vivido fuera de España, trabajado en la Biblioteca Nacional Sueca durante 9 años (1966-1974) y luego 34 años (1974-2008) como profesor de bibliotecología en la hasta reciéntemente única escuela de bibliotecología sueca, en Borås. Desde 1972 he trabajado para los inmigrantes en Suecia, siendo entre otras cosas director del <a href="https://immigrant.org/encyklopedi/Immigrant-institutet/">Instituto del Inmigrante</a>, fundado por mí, y presidente o secretario de otras organizaciones de inmigrantes, como la asociación de autores inmigrantes.</p>
<p>Más información sobre mi trabajo profesional puedes encontrar en mi dominio <a href="https://taranco.eu/">Taranco.eu</a></p>
<p>Ha sido una experiencia interesante, que ahora quiero aprovechar para en la medida de mis capacidades comentar sobre la vida diaria del hoy por hoy en España.  Son reflexiones filosóficas para uso casero sin más pretensión que hacer pensar en lo que nos parece cotidiano y estamos acostumbrados, pero que para uno que ha vivido fuera de España durante 46 años lo ve de otra manera. Espero que sirva de algo.</p>
<p>A mi vuelta a España y a mis tierras de Caracena y Tarancueña he visto el avance y también el deterioro en algunos aspectos. Recientemente se lanzó una petición de firmas para salvar al castillo de Caracena, petición a la que yo me asumo y espero que muchos conmigo también lo hagan, para que pueda salvarse del desgaste del tiempo (y del salvajismo de algunos).</p>
<p>Miguel Benito</p>
<p>Contacto: miguel.benito@taranco.eu.                                 Página web: www.taranco.eu</p>


<p></p>

<p>Soriano de nacimiento (en la región de los arévacos, a pocos kilómetros de Termancia, o Tiermes) he vivido mi niñez en Valladolid y mi juventud en Valencia y Barcelona. Desde 1965 hasta 2011 he vivido fuera de España, trabajado en la Biblioteca Nacional Sueca durante 9 años (1966-1974) y luego 34 años (1974-2008) como profesor [&hellip;]</p>
